tors of 331573546?
2, 83, 1997431
List the prime factors of 2356505278.
2, 1178252639
List the prime factors of 219546925.
5, 13, 17, 79, 503
What are the prime factors of 34063544?
2, 31, 137353
List the prime factors of 66431183.
7, 13, 487, 1499
List the prime factors of 141625311.
3, 59, 800143
List the prime factors of 36226358.
2, 7, 199, 13003
List the prime factors of 164267984.
2, 10266749
What are the prime factors of 2805860279?
6121, 458399
List the prime factors of 6693012253.
6693012253
List the prime factors of 3490212538.
2, 2731, 638999
What are the prime factors of 31962651?
3, 7, 103, 2111
List the prime factors of 4754498870.
2, 5, 11, 79, 211, 2593
What are the prime factors of 2400110980?
2, 5, 71, 1690219
What are the prime factors of 4738550217?
3, 2713, 582203
What are the prime factors of 69032807?
41, 79, 21313
What are the prime factors of 289618736?
2, 11, 1645561
List the prime factors of 142836188.
2, 11, 3246277
List the prime factors of 1004533380.
2, 3, 5, 53, 35099
List the prime factors of 872214186.
2, 3, 241, 603191
What are the prime factors of 1023670066?
2, 511835033
What are the prime factors of 907509987?
3, 3734609
List the prime factors of 92135622.
2, 3, 15355937
What are the prime factors of 3604740964?
2, 11, 23, 3561997
What are the prime factors of 624708059?
624708059
List the prime factors of 404215253.
13, 19, 29, 56431
List the prime factors of 1882447663.
1882447663
List the prime factors of 3002272327.
19, 158014333
What are the prime factors of 3313583824?
2, 207098989
List the prime factors of 501325926.
2, 3, 103, 811207
What are the prime factors of 41221516?
2, 7, 1472197
What are the prime factors of 189671995?
5, 4493, 8443
List the prime factors of 5284482675.
3, 5, 70459769
List the prime factors of 619928234.
2, 309964117
What are the prime factors of 2684909481?
3, 83, 479, 22511
List the prime factors of 2153106747.
3, 11, 103, 211151
List the prime factors of 417348242.
2, 251, 831371
What are the prime factors of 4511379633?
3, 73, 20599907
List the prime factors of 2601202599.
3, 2447, 39371
List the prime factors of 23973302.
2, 173, 193, 359
What are the prime factors of 165082533?
3, 7, 11, 31, 23053
What are the prime factors of 249325186?
2, 11, 11332963
List the prime factors of 1043066269.
7, 31, 701, 6857
List the prime factors of 282698238.
2, 3, 31, 1519883
List the prime factors of 14255697.
3, 1607, 2957
What are the prime factors of 74800683?
3, 8311187
What are the prime factors of 1425670940?
2, 5, 71283547
List the prime factors of 428154648.
2, 3, 223, 79999
List the prime factors of 184287950.
2, 5, 7, 11, 151, 317
List the prime factors of 45114514.
2, 41, 550177
What are the prime factors of 569604519?
3, 11, 61, 94321
List the prime factors of 112571375.
5, 7, 18379
What are the prime factors of 143648156?
2, 23, 1561393
List the prime factors of 979440405.
3, 5, 19, 523, 6571
List the prime factors of 114891896.
2, 7, 2051641
List the prime factors of 59649552.
2, 3, 401, 1033
What are the prime factors of 74417181?
3, 24805727
List the prime factors of 31328665.
5, 6265733
What are the prime factors of 30119499?
3, 457, 2441
What are the prime factors of 33117621?
3, 11039207
What are the prime factors of 153621795?
3, 5, 83, 163, 757
List the prime factors of 1706003059.
1223, 1394933
List the prime factors of 2857236962.
2, 23, 62113847
What are the prime factors of 56292524?
2, 14073131
What are the prime factors of 454103?
13, 2687
List the prime factors of 1135455563.
11, 47, 2196239
List the prime factors of 4192771646.
2, 7, 299483689
List the prime factors of 428612788.
2, 1571, 68207
What are the prime factors of 734843094?
2, 3, 97, 1262617
List the prime factors of 9811843861.
23, 389, 47681
List the prime factors of 326917047.
3, 108972349
What are the prime factors of 66525858?
2, 3, 7, 527983
What are the prime factors of 317306470?
2, 5, 13, 2440819
What are the prime factors of 931643281?
211, 4415371
List the prime factors of 175661141.
73, 419, 5743
List the prime factors of 204707152.
2, 13, 521, 1889
List the prime factors of 50667412.
2, 17, 127, 5867
What are the prime factors of 6069976?
2, 11, 23, 2999
List the prime factors of 73464220.
2, 5, 3673211
List the prime factors of 234533149.
47, 4990067
What are the prime factors of 1402225725?
3, 5, 317, 58979
What are the prime factors of 2455178875?
5, 1789, 10979
List the prime factors of 289822300.
2, 5, 419, 6917
List the prime factors of 272900406.
2, 3, 2647, 17183
What are the prime factors of 247023857?
11173, 22109
What are the prime factors of 1529994185?
5, 79, 271, 14293
What are the prime factors of 58591508?
2, 14647877
What are the prime factors of 87078163?
31, 71, 39563
What are the prime factors of 4806037561?
13, 61, 83, 73019
List the prime factors of 2572954.
2, 373, 3449
List the prime factors of 586271388.
2, 3, 48855949
List the prime factors of 52207612.
2, 17, 767759
List the prime factors of 108162080.
2, 5, 13, 149, 349
What are the prime factors of 209678977?
6263, 33479
List the prime factors of 91682921.
11, 17, 490283
List the prime factors of 3060984131.
439, 6972629
What are the prime factors of 7767879?
3, 7, 107, 3457
List the prime factors of 79061494.
2, 39530747
What are the prime factors of 5555687?
1409, 3943
List the prime factors of 18937090.
2, 5, 79, 23971
What are the prime factors of 103112275?
5, 7, 589213
List the prime factors of 53326843.
389, 137087
List the prime factors of 7407773.
1367, 5419
What are the prime factors of 498762630?
2, 3, 5, 197, 9377
What are the prime factors of 5003981724?
2, 3, 7, 43, 577
List the prime factors of 5246265.
3, 5, 367, 953
What are the prime factors of 783678536?
2, 5881, 16657
What are the prime factors of 12984485?
5, 2596897
List the prime factors of 883404657.
3, 131, 379, 659
List the prime factors of 240095840.
2, 5, 67, 22397
List the prime factors of 29273184.
2, 3, 17, 1993
What are the prime factors of 270963579?
3, 19, 1213, 3919
List the prime factors of 572124673.
29, 37, 61, 8741
List the prime factors of 227594439.
3, 563, 44917
List the prime factors of 270700079.
13, 20823083
What are the prime factors of 218840908?
2, 11, 13, 382589
What are the prime factors of 50381268?
2, 3, 7, 17, 35281
List the prime factors of 455647.
455647
What are the prime factors of 196613114?
2, 43, 2286199
What are the prime factors of 137340304?
2, 421, 20389
List the prime factors of 151120401.
3, 199, 253133
What are the prime factors of 1495647690?
2, 3, 5, 49854923
List the prime factors of 17958682.
2, 7, 1282763
List the prime factors of 389747249.
389747249
What are the prime factors of 297292060?
2, 5, 13, 157, 7283
List the prime factors of 2189448020.
2, 5, 17, 53, 121501
List the prime factors of 4889019456.
2, 3, 8487881
List the prime factors of 533777027.
7, 439, 173699
What are the prime factors of 491894951?
23, 73, 292969
List the prime factors of 225855814.
2, 23, 107, 45887
What are the prime factors of 150781660?
2, 5, 37, 5507
What are the prime factors of 2154882854?
2, 1077441427
What are the prime factors of 32569905?
3, 5, 233, 9319
List the prime factors of 171711537.
3, 23, 2488573
List the prime factors of 3537843324.
2, 3, 113, 2609029
What are the prime factors of 18921870?
2, 3, 5, 11, 23, 277
List the prime factors of 422407188.
2, 3, 7, 61, 27479
What are the prime factors of 202413067?
17, 47, 61, 4153
List the prime factors of 1131858035.
5, 7, 11, 2939891
What are the prime factors of 156102215?
5, 29, 37123
What are the prime factors of 123335485?
5, 7, 13, 271067
What are the prime factors of 38720228?
2, 9680057
List the prime factors of 6418950.
2, 3, 5, 42793
What are the prime factors of 237124149?
3, 2753, 28711
What are the prime factors of 211371990?
2, 3, 5, 1483, 4751
What are the prime factors of 109770392?
2, 73, 187963
What are the prime factors of 110334127?
271, 407137
What are the prime factors of 268304723?
29, 37, 250051
What are the prime factors of 44104597?
157, 280921
What are the prime factors of 306793221?
3, 7, 163, 89627
What are the prime factors of 3095216237?
23, 134574619
What are the prime factors of 574424555?
5, 41, 257